{"id":4794,"date":"2021-07-28T18:33:57","date_gmt":"2021-07-28T18:33:57","guid":{"rendered":"https:\/\/www.souer.nl\/?page_id=4794"},"modified":"2026-02-01T16:23:37","modified_gmt":"2026-02-01T16:23:37","slug":"camille-de-neve","status":"publish","type":"page","link":"https:\/\/www.souer.nl\/index.php\/camille-de-neve\/","title":{"rendered":"Camille De Neve"},"content":{"rendered":"\n<p><strong>Camilius De Neve<\/strong> is geboren op 14 december 1857 te Massamen-Westrem, zoon van <strong><a href=\"https:\/\/www.souer.nl\/index.php\/benoit-de-neve\/\">Benediktus De Neve<\/a><\/strong>, 36 jaar, landbouwer, alhier geboren en woonachtig en van <strong><a href=\"https:\/\/www.souer.nl\/index.php\/julienne-bogaert\/\">Juliana Bogaert<\/a><\/strong>, 37 jaar, landbouwster, geboren te Bavegem.<\/p>\n\n\n<div class=\"wp-block-image is-resized\">\n<figure class=\"aligncenter size-large\"><img loading=\"lazy\" decoding=\"async\" width=\"1024\" height=\"767\" src=\"https:\/\/www.souer.nl\/wp-content\/uploads\/2021\/07\/Geboorteakte-Camilius-Deneve-1024x767.jpg\" alt=\"\" class=\"wp-image-4809\" srcset=\"https:\/\/www.souer.nl\/wp-content\/uploads\/2021\/07\/Geboorteakte-Camilius-Deneve-1024x767.jpg 1024w, https:\/\/www.souer.nl\/wp-content\/uploads\/2021\/07\/Geboorteakte-Camilius-Deneve-300x225.jpg 300w, https:\/\/www.souer.nl\/wp-content\/uploads\/2021\/07\/Geboorteakte-Camilius-Deneve-768x575.jpg 768w, https:\/\/www.souer.nl\/wp-content\/uploads\/2021\/07\/Geboorteakte-Camilius-Deneve-1536x1150.jpg 1536w, https:\/\/www.souer.nl\/wp-content\/uploads\/2021\/07\/Geboorteakte-Camilius-Deneve-160x120.jpg 160w, https:\/\/www.souer.nl\/wp-content\/uploads\/2021\/07\/Geboorteakte-Camilius-Deneve.jpg 1883w\" sizes=\"auto, (max-width: 1024px) 100vw, 1024px\" \/><figcaption class=\"wp-element-caption\"><em>Geboorteakte Camilius De Neve<\/em><\/figcaption><\/figure>\n<\/div>\n\n\n<p><strong>Camille De Neve<\/strong> volgt de lager school te Bavegem van 1864 tot 1870 en vervolgens tot 1874 de Gemeenteschool in Westrem. Van 1874-1877 zit <strong>Camille De Neve<\/strong> op de middelbare school in Gent. Lagere school gevolgd te Bavegem <br><strong>Camille De Neve<\/strong> wordt niet toegelaten aan de Universiteit van Gent, wetenschappen, vanwege geen volledig certificaat Middelbare school (1878)<br><strong>Camille De Neve<\/strong> is van 1877-1880 onderwijzer op de voorbereidende school te Gent en behaald het diploma aspirant leraar voor de Middenjury op 3 oktober 1879 te Brussel.<br>Het aggregaat diploma wordt behaald voor de Middenjury op 8 september 1880 te Brussel en tegelijkertijd is het examen Vlaams voor gevorderden afgelegd.<\/p>\n\n\n\n<p><strong>Camilius De Neve<\/strong> is gehuwd op 20 september 1882 te Diest met <strong><a href=\"https:\/\/www.souer.nl\/index.php\/therese-pauline-gougnart\/\">Th\u00e9r\u00e8se Pauline Gougnart<\/a><\/strong> (geboren op 14 mei 1857 te Diest, overleden op 20 april 1919 te Diest). <strong>Camilius De Neve<\/strong> is dan leraar bij de Staatsmiddelbare school te Diest.<\/p>\n\n\n\n<p>Kinderen:<\/p>\n\n\n\n<p><strong>Julianus Th\u00e9ophilius De Neve<\/strong> is geboren 31 maart 1883 te Diest, zoon van <strong>Camilius De Neve<\/strong>, 25 jaar, leraar en van <strong>Theresia Paulina Gougnart<\/strong>, 25 jaar. <strong>Julianus Th\u00e9ophilius De Neve<\/strong> is gehuwd met <strong>Marie Dewasme<\/strong>. Zij krijgen drie kinderen: <strong>Ghislaine De Neve<\/strong>, <strong>Jean De Neve<\/strong> en <strong>Paul De Neve<\/strong>.<\/p>\n\n\n\n<p><a href=\"https:\/\/www.souer.nl\/index.php\/octave-paul-benoit-deneve\/\"><strong>Octave Paul Beno\u00eet De Neve<\/strong><\/a> is geboren 23 januari 1885. Zie zijn persoonlijke pagina.<\/p>\n\n\n\n<p><strong>Leo Eugenius (Eugine) De Neve<\/strong> is geboren 16 maart 1887 te Diest, zoon van <strong>Camille De Neve<\/strong>, 29 jaar, leraar en van <strong>Theresia Paulina Gougnart<\/strong>, 29 jaar, zonder beroep. <strong><strong>Eugine<\/strong> De Neve<\/strong> is gehuwd met <strong>Margeritte Claessens<\/strong>. Zij krijgen twee kinderen: <strong>Raymond De Neve<\/strong> en <strong>Gaston De Neve<\/strong>. <strong><strong>Eugine<\/strong> De Neve<\/strong> is overleden 27 mei 1930 te Beveren-Waas.<\/p>\n\n\n\n<p><strong>L\u00e9ontine Louise De Neve<\/strong> is geboren op 4 juni 1889 te Diest.<\/p>\n\n\n\n<p><strong>Olina Juliana De Neve<\/strong> geboren 11 maart 1897 te Diest, dochter van <strong>Camille De Neve<\/strong>, 39 jaar, leraar en van <strong>Theresia Paulina Gougnart<\/strong>, 39 jaar, zonder beroep.  <strong>Oline Juliana De Neve<\/strong> is overleden 30 augustus 1899.<\/p>\n\n\n\n<p><strong>Joanna (Jeanne) Nathalia De Neve<\/strong> is geboren 18 maart 1899 te Diest, dochter van <strong>Camille De Neve<\/strong>, 41 jaar, onderwijzer en van <strong>Theresia Paulina Gougnart<\/strong>, 41 jaar, zonder beroep. <strong>Jeanne De Neve<\/strong> is gehuwd op 12 november 1921 met <strong>Edmond Janssen<\/strong>. Zij krijgen vier kinderen <strong>Maria Therese Janssen<\/strong>, <strong>Pierre Janssen<\/strong>, <strong>Robert Janssen<\/strong> en <strong>Edmond Janssen<\/strong>.<\/p>\n\n\n\n<p><strong>Marie Alina Eug\u00e9nie De Neve<\/strong> is geboren op 8 december 1901 te Diest. Overleden op 23 juli 1992 te Leuven.<\/p>\n\n\n<div class=\"wp-block-image is-resized\">\n<figure class=\"aligncenter size-full\"><img loading=\"lazy\" decoding=\"async\" width=\"758\" height=\"670\" src=\"https:\/\/www.souer.nl\/wp-content\/uploads\/2021\/07\/C.-Deneve-en-fam..jpg\" alt=\"\" class=\"wp-image-4802\" style=\"width:586px;height:auto\" srcset=\"https:\/\/www.souer.nl\/wp-content\/uploads\/2021\/07\/C.-Deneve-en-fam..jpg 758w, https:\/\/www.souer.nl\/wp-content\/uploads\/2021\/07\/C.-Deneve-en-fam.-300x265.jpg 300w\" sizes=\"auto, (max-width: 758px) 100vw, 758px\" \/><figcaption class=\"wp-element-caption\"><em>Foto met Camille De Neve en <strong><a href=\"https:\/\/www.souer.nl\/index.php\/marie-antoinetta-catharina-francisca-jacquelina-romen\/\">Marie Antoinetta Catharina Francisca Jacquelina Romen<\/a><\/strong> (maman)<\/em><\/figcaption><\/figure>\n<\/div>\n\n\n<p><strong>Camille De Neve<\/strong> is van 1880 tot april 1919 leraar tekenen en handwerk aan de Rijksmiddelbare School van Diest en van het Stedelijk College en van de tekenschool. Behaald diploma\u2019s tekenleraar voor het Rijksmiddelbaar onderwijs in 1894 en 1900. <br><strong>Camille De Neve<\/strong> gaat met pensioen in mei 1919. <br>Hij publiceert verschillende school atlassen \u201cEurope\u201d (1912), Parties du Monde (1913), \u201cEuropa\u201d (1923), \u201cHandboek Atlas 3e en 4e graad\u201d (1924), \u201cHandboek Atlas 2e graad\u201d (1926), \u201cBelgique-Congo\u201d (1926) samen met de Heren P. Alesandre en L. Alesandre. <br><strong>Camille De Neve<\/strong> is ridder in de kroonorde.<\/p>\n\n\n<div class=\"wp-block-image is-resized\">\n<figure class=\"aligncenter size-large\"><img loading=\"lazy\" decoding=\"async\" width=\"737\" height=\"1024\" src=\"https:\/\/www.souer.nl\/wp-content\/uploads\/2021\/07\/Atlas-Manuel-de-Geographie-Asie-Afrique-Amerique-Oceanie-1913-737x1024.jpg\" alt=\"\" class=\"wp-image-4806\" style=\"aspect-ratio:0.7197333109896389;width:365px;height:auto\" srcset=\"https:\/\/www.souer.nl\/wp-content\/uploads\/2021\/07\/Atlas-Manuel-de-Geographie-Asie-Afrique-Amerique-Oceanie-1913-737x1024.jpg 737w, https:\/\/www.souer.nl\/wp-content\/uploads\/2021\/07\/Atlas-Manuel-de-Geographie-Asie-Afrique-Amerique-Oceanie-1913-216x300.jpg 216w, https:\/\/www.souer.nl\/wp-content\/uploads\/2021\/07\/Atlas-Manuel-de-Geographie-Asie-Afrique-Amerique-Oceanie-1913-768x1066.jpg 768w, https:\/\/www.souer.nl\/wp-content\/uploads\/2021\/07\/Atlas-Manuel-de-Geographie-Asie-Afrique-Amerique-Oceanie-1913-1106x1536.jpg 1106w, https:\/\/www.souer.nl\/wp-content\/uploads\/2021\/07\/Atlas-Manuel-de-Geographie-Asie-Afrique-Amerique-Oceanie-1913-scaled.jpg 1844w\" sizes=\"auto, (max-width: 737px) 100vw, 737px\" \/><figcaption class=\"wp-element-caption\"><em>E\u00e9n van de atlassen die Camille De Neve mede heeft gemaakt, de Atlas-Manuel de Ge\u00f3graphie Asie Afrique Am\u00e9rique Oc\u00e9anie uit 1913<\/em><\/figcaption><\/figure>\n<\/div>\n\n\n<p><strong>Camille De Neve<\/strong> is overleden op 22 april 1938 te Diest.<\/p>\n\n\n\n<div class=\"wp-block-columns is-layout-flex wp-container-core-columns-is-layout-9d6595d7 wp-block-columns-is-layout-flex\">\n<div class=\"wp-block-column is-layout-flow wp-block-column-is-layout-flow\" style=\"flex-basis:50%\">\n<figure class=\"wp-block-image is-resized\"><img loading=\"lazy\" decoding=\"async\" width=\"1797\" height=\"2560\" src=\"https:\/\/www.souer.nl\/wp-content\/uploads\/2026\/02\/Overlijden-Kamiel-De-neve-voorkant-scaled.jpg\" alt=\"\" class=\"wp-image-6159\" style=\"aspect-ratio:0.7019498845925465;width:461px;height:auto\" srcset=\"https:\/\/www.souer.nl\/wp-content\/uploads\/2026\/02\/Overlijden-Kamiel-De-neve-voorkant-scaled.jpg 1797w, https:\/\/www.souer.nl\/wp-content\/uploads\/2026\/02\/Overlijden-Kamiel-De-neve-voorkant-211x300.jpg 211w, https:\/\/www.souer.nl\/wp-content\/uploads\/2026\/02\/Overlijden-Kamiel-De-neve-voorkant-719x1024.jpg 719w, https:\/\/www.souer.nl\/wp-content\/uploads\/2026\/02\/Overlijden-Kamiel-De-neve-voorkant-768x1094.jpg 768w, https:\/\/www.souer.nl\/wp-content\/uploads\/2026\/02\/Overlijden-Kamiel-De-neve-voorkant-1078x1536.jpg 1078w, https:\/\/www.souer.nl\/wp-content\/uploads\/2026\/02\/Overlijden-Kamiel-De-neve-voorkant-1438x2048.jpg 1438w\" sizes=\"auto, (max-width: 1797px) 100vw, 1797px\" \/><\/figure>\n<\/div>\n\n\n\n<div class=\"wp-block-column is-layout-flow wp-block-column-is-layout-flow\" style=\"flex-basis:50%\">\n<figure class=\"wp-block-image is-resized\"><img loading=\"lazy\" decoding=\"async\" width=\"1797\" height=\"2560\" src=\"https:\/\/www.souer.nl\/wp-content\/uploads\/2026\/02\/Overlijden-Kamiel-De-Neve-achterkant-scaled.jpg\" alt=\"\" class=\"wp-image-6160\" style=\"aspect-ratio:0.7019498845925465;width:460px;height:auto\" srcset=\"https:\/\/www.souer.nl\/wp-content\/uploads\/2026\/02\/Overlijden-Kamiel-De-Neve-achterkant-scaled.jpg 1797w, https:\/\/www.souer.nl\/wp-content\/uploads\/2026\/02\/Overlijden-Kamiel-De-Neve-achterkant-211x300.jpg 211w, https:\/\/www.souer.nl\/wp-content\/uploads\/2026\/02\/Overlijden-Kamiel-De-Neve-achterkant-719x1024.jpg 719w, https:\/\/www.souer.nl\/wp-content\/uploads\/2026\/02\/Overlijden-Kamiel-De-Neve-achterkant-768x1094.jpg 768w, https:\/\/www.souer.nl\/wp-content\/uploads\/2026\/02\/Overlijden-Kamiel-De-Neve-achterkant-1078x1536.jpg 1078w, https:\/\/www.souer.nl\/wp-content\/uploads\/2026\/02\/Overlijden-Kamiel-De-Neve-achterkant-1438x2048.jpg 1438w\" sizes=\"auto, (max-width: 1797px) 100vw, 1797px\" \/><\/figure>\n<\/div>\n<\/div>\n\n\n\n<p>In memoriam van <strong>Kamiel De Neve<\/strong><\/p>\n\n\n\n<p><\/p>\n","protected":false},"excerpt":{"rendered":"<p>Camilius De Neve is geboren op 14 december 1857 te Massamen-Westrem, zoon van Benediktus De Neve, 36 jaar, landbouwer, alhier&hellip;<\/p>\n","protected":false},"author":1,"featured_media":0,"parent":0,"menu_order":0,"comment_status":"closed","ping_status":"closed","template":"","meta":{"footnotes":""},"class_list":["post-4794","page","type-page","status-publish","hentry"],"_links":{"self":[{"href":"https:\/\/www.souer.nl\/index.php\/wp-json\/wp\/v2\/pages\/4794","targetHints":{"allow":["GET"]}}],"collection":[{"href":"https:\/\/www.souer.nl\/index.php\/wp-json\/wp\/v2\/pages"}],"about":[{"href":"https:\/\/www.souer.nl\/index.php\/wp-json\/wp\/v2\/types\/page"}],"author":[{"embeddable":true,"href":"https:\/\/www.souer.nl\/index.php\/wp-json\/wp\/v2\/users\/1"}],"replies":[{"embeddable":true,"href":"https:\/\/www.souer.nl\/index.php\/wp-json\/wp\/v2\/comments?post=4794"}],"version-history":[{"count":31,"href":"https:\/\/www.souer.nl\/index.php\/wp-json\/wp\/v2\/pages\/4794\/revisions"}],"predecessor-version":[{"id":6165,"href":"https:\/\/www.souer.nl\/index.php\/wp-json\/wp\/v2\/pages\/4794\/revisions\/6165"}],"wp:attachment":[{"href":"https:\/\/www.souer.nl\/index.php\/wp-json\/wp\/v2\/media?parent=4794"}],"curies":[{"name":"wp","href":"https:\/\/api.w.org\/{rel}","templated":true}]}}

<p><strong>Camilius De Neve</strong> is geboren op 14 december 1857 te Massamen-Westrem, zoon van <strong><a href="https://www.souer.nl/index.php/benoit-de-neve/">Benediktus De Neve</a></strong>, 36 jaar, landbouwer, alhier geboren en woonachtig en van <strong><a href="https://www.souer.nl/index.php/julienne-bogaert/">Juliana Bogaert</a></strong>, 37 jaar, landbouwster, geboren te Bavegem.</p>


<div class="wp-block-image is-resized">
<figure class="aligncenter size-large"><img loading="lazy" decoding="async" width="1024" height="767" src="https://www.souer.nl/wp-content/uploads/2021/07/Geboorteakte-Camilius-Deneve-1024x767.jpg" alt="" class="wp-image-4809" srcset="https://www.souer.nl/wp-content/uploads/2021/07/Geboorteakte-Camilius-Deneve-1024x767.jpg 1024w, https://www.souer.nl/wp-content/uploads/2021/07/Geboorteakte-Camilius-Deneve-300x225.jpg 300w, https://www.souer.nl/wp-content/uploads/2021/07/Geboorteakte-Camilius-Deneve-768x575.jpg 768w, https://www.souer.nl/wp-content/uploads/2021/07/Geboorteakte-Camilius-Deneve-1536x1150.jpg 1536w, https://www.souer.nl/wp-content/uploads/2021/07/Geboorteakte-Camilius-Deneve-160x120.jpg 160w, https://www.souer.nl/wp-content/uploads/2021/07/Geboorteakte-Camilius-Deneve.jpg 1883w" sizes="auto, (max-width: 1024px) 100vw, 1024px" /><figcaption class="wp-element-caption"><em>Geboorteakte Camilius De Neve</em></figcaption></figure>
</div>


<p><strong>Camille De Neve</strong> volgt de lager school te Bavegem van 1864 tot 1870 en vervolgens tot 1874 de Gemeenteschool in Westrem. Van 1874-1877 zit <strong>Camille De Neve</strong> op de middelbare school in Gent. Lagere school gevolgd te Bavegem <br><strong>Camille De Neve</strong> wordt niet toegelaten aan de Universiteit van Gent, wetenschappen, vanwege geen volledig certificaat Middelbare school (1878)<br><strong>Camille De Neve</strong> is van 1877-1880 onderwijzer op de voorbereidende school te Gent en behaald het diploma aspirant leraar voor de Middenjury op 3 oktober 1879 te Brussel.<br>Het aggregaat diploma wordt behaald voor de Middenjury op 8 september 1880 te Brussel en tegelijkertijd is het examen Vlaams voor gevorderden afgelegd.</p>



<p><strong>Camilius De Neve</strong> is gehuwd op 20 september 1882 te Diest met <strong><a href="https://www.souer.nl/index.php/therese-pauline-gougnart/">Thérèse Pauline Gougnart</a></strong> (geboren op 14 mei 1857 te Diest, overleden op 20 april 1919 te Diest). <strong>Camilius De Neve</strong> is dan leraar bij de Staatsmiddelbare school te Diest.</p>



<p>Kinderen:</p>



<p><strong>Julianus Théophilius De Neve</strong> is geboren 31 maart 1883 te Diest, zoon van <strong>Camilius De Neve</strong>, 25 jaar, leraar en van <strong>Theresia Paulina Gougnart</strong>, 25 jaar. <strong>Julianus Théophilius De Neve</strong> is gehuwd met <strong>Marie Dewasme</strong>. Zij krijgen drie kinderen: <strong>Ghislaine De Neve</strong>, <strong>Jean De Neve</strong> en <strong>Paul De Neve</strong>.</p>



<p><a href="https://www.souer.nl/index.php/octave-paul-benoit-deneve/"><strong>Octave Paul Benoît De Neve</strong></a> is geboren 23 januari 1885. Zie zijn persoonlijke pagina.</p>



<p><strong>Leo Eugenius (Eugine) De Neve</strong> is geboren 16 maart 1887 te Diest, zoon van <strong>Camille De Neve</strong>, 29 jaar, leraar en van <strong>Theresia Paulina Gougnart</strong>, 29 jaar, zonder beroep. <strong><strong>Eugine</strong> De Neve</strong> is gehuwd met <strong>Margeritte Claessens</strong>. Zij krijgen twee kinderen: <strong>Raymond De Neve</strong> en <strong>Gaston De Neve</strong>. <strong><strong>Eugine</strong> De Neve</strong> is overleden 27 mei 1930 te Beveren-Waas.</p>



<p><strong>Léontine Louise De Neve</strong> is geboren op 4 juni 1889 te Diest.</p>



<p><strong>Olina Juliana De Neve</strong> geboren 11 maart 1897 te Diest, dochter van <strong>Camille De Neve</strong>, 39 jaar, leraar en van <strong>Theresia Paulina Gougnart</strong>, 39 jaar, zonder beroep.  <strong>Oline Juliana De Neve</strong> is overleden 30 augustus 1899.</p>



<p><strong>Joanna (Jeanne) Nathalia De Neve</strong> is geboren 18 maart 1899 te Diest, dochter van <strong>Camille De Neve</strong>, 41 jaar, onderwijzer en van <strong>Theresia Paulina Gougnart</strong>, 41 jaar, zonder beroep. <strong>Jeanne De Neve</strong> is gehuwd op 12 november 1921 met <strong>Edmond Janssen</strong>. Zij krijgen vier kinderen <strong>Maria Therese Janssen</strong>, <strong>Pierre Janssen</strong>, <strong>Robert Janssen</strong> en <strong>Edmond Janssen</strong>.</p>



<p><strong>Marie Alina Eugénie De Neve</strong> is geboren op 8 december 1901 te Diest. Overleden op 23 juli 1992 te Leuven.</p>


<div class="wp-block-image is-resized">
<figure class="aligncenter size-full"><img loading="lazy" decoding="async" width="758" height="670" src="https://www.souer.nl/wp-content/uploads/2021/07/C.-Deneve-en-fam..jpg" alt="" class="wp-image-4802" style="width:586px;height:auto" srcset="https://www.souer.nl/wp-content/uploads/2021/07/C.-Deneve-en-fam..jpg 758w, https://www.souer.nl/wp-content/uploads/2021/07/C.-Deneve-en-fam.-300x265.jpg 300w" sizes="auto, (max-width: 758px) 100vw, 758px" /><figcaption class="wp-element-caption"><em>Foto met Camille De Neve en <strong><a href="https://www.souer.nl/index.php/marie-antoinetta-catharina-francisca-jacquelina-romen/">Marie Antoinetta Catharina Francisca Jacquelina Romen</a></strong> (maman)</em></figcaption></figure>
</div>


<p><strong>Camille De Neve</strong> is van 1880 tot april 1919 leraar tekenen en handwerk aan de Rijksmiddelbare School van Diest en van het Stedelijk College en van de tekenschool. Behaald diploma’s tekenleraar voor het Rijksmiddelbaar onderwijs in 1894 en 1900. <br><strong>Camille De Neve</strong> gaat met pensioen in mei 1919. <br>Hij publiceert verschillende school atlassen “Europe” (1912), Parties du Monde (1913), “Europa” (1923), “Handboek Atlas 3e en 4e graad” (1924), “Handboek Atlas 2e graad” (1926), “Belgique-Congo” (1926) samen met de Heren P. Alesandre en L. Alesandre. <br><strong>Camille De Neve</strong> is ridder in de kroonorde.</p>


<div class="wp-block-image is-resized">
<figure class="aligncenter size-large"><img loading="lazy" decoding="async" width="737" height="1024" src="https://www.souer.nl/wp-content/uploads/2021/07/Atlas-Manuel-de-Geographie-Asie-Afrique-Amerique-Oceanie-1913-737x1024.jpg" alt="" class="wp-image-4806" style="aspect-ratio:0.7197333109896389;width:365px;height:auto" srcset="https://www.souer.nl/wp-content/uploads/2021/07/Atlas-Manuel-de-Geographie-Asie-Afrique-Amerique-Oceanie-1913-737x1024.jpg 737w, https://www.souer.nl/wp-content/uploads/2021/07/Atlas-Manuel-de-Geographie-Asie-Afrique-Amerique-Oceanie-1913-216x300.jpg 216w, https://www.souer.nl/wp-content/uploads/2021/07/Atlas-Manuel-de-Geographie-Asie-Afrique-Amerique-Oceanie-1913-768x1066.jpg 768w, https://www.souer.nl/wp-content/uploads/2021/07/Atlas-Manuel-de-Geographie-Asie-Afrique-Amerique-Oceanie-1913-1106x1536.jpg 1106w, https://www.souer.nl/wp-content/uploads/2021/07/Atlas-Manuel-de-Geographie-Asie-Afrique-Amerique-Oceanie-1913-scaled.jpg 1844w" sizes="auto, (max-width: 737px) 100vw, 737px" /><figcaption class="wp-element-caption"><em>Eén van de atlassen die Camille De Neve mede heeft gemaakt, de Atlas-Manuel de Geógraphie Asie Afrique Amérique Océanie uit 1913</em></figcaption></figure>
</div>


<p><strong>Camille De Neve</strong> is overleden op 22 april 1938 te Diest.</p>



<div class="wp-block-columns is-layout-flex wp-container-core-columns-is-layout-9d6595d7 wp-block-columns-is-layout-flex">
<div class="wp-block-column is-layout-flow wp-block-column-is-layout-flow" style="flex-basis:50%">
<figure class="wp-block-image is-resized"><img loading="lazy" decoding="async" width="1797" height="2560" src="https://www.souer.nl/wp-content/uploads/2026/02/Overlijden-Kamiel-De-neve-voorkant-scaled.jpg" alt="" class="wp-image-6159" style="aspect-ratio:0.7019498845925465;width:461px;height:auto" srcset="https://www.souer.nl/wp-content/uploads/2026/02/Overlijden-Kamiel-De-neve-voorkant-scaled.jpg 1797w, https://www.souer.nl/wp-content/uploads/2026/02/Overlijden-Kamiel-De-neve-voorkant-211x300.jpg 211w, https://www.souer.nl/wp-content/uploads/2026/02/Overlijden-Kamiel-De-neve-voorkant-719x1024.jpg 719w, https://www.souer.nl/wp-content/uploads/2026/02/Overlijden-Kamiel-De-neve-voorkant-768x1094.jpg 768w, https://www.souer.nl/wp-content/uploads/2026/02/Overlijden-Kamiel-De-neve-voorkant-1078x1536.jpg 1078w, https://www.souer.nl/wp-content/uploads/2026/02/Overlijden-Kamiel-De-neve-voorkant-1438x2048.jpg 1438w" sizes="auto, (max-width: 1797px) 100vw, 1797px" /></figure>
</div>



<div class="wp-block-column is-layout-flow wp-block-column-is-layout-flow" style="flex-basis:50%">
<figure class="wp-block-image is-resized"><img loading="lazy" decoding="async" width="1797" height="2560" src="https://www.souer.nl/wp-content/uploads/2026/02/Overlijden-Kamiel-De-Neve-achterkant-scaled.jpg" alt="" class="wp-image-6160" style="aspect-ratio:0.7019498845925465;width:460px;height:auto" srcset="https://www.souer.nl/wp-content/uploads/2026/02/Overlijden-Kamiel-De-Neve-achterkant-scaled.jpg 1797w, https://www.souer.nl/wp-content/uploads/2026/02/Overlijden-Kamiel-De-Neve-achterkant-211x300.jpg 211w, https://www.souer.nl/wp-content/uploads/2026/02/Overlijden-Kamiel-De-Neve-achterkant-719x1024.jpg 719w, https://www.souer.nl/wp-content/uploads/2026/02/Overlijden-Kamiel-De-Neve-achterkant-768x1094.jpg 768w, https://www.souer.nl/wp-content/uploads/2026/02/Overlijden-Kamiel-De-Neve-achterkant-1078x1536.jpg 1078w, https://www.souer.nl/wp-content/uploads/2026/02/Overlijden-Kamiel-De-Neve-achterkant-1438x2048.jpg 1438w" sizes="auto, (max-width: 1797px) 100vw, 1797px" /></figure>
</div>
</div>



<p>In memoriam van <strong>Kamiel De Neve</strong></p>



<p></p>
